w(j).
6
Let o(x) = x**3 + x**2 - 4*x. Let g(l) = -3*l**3 - 2*l**2 + 12*l + 1. Let s(c) = 3*g(c) + 8*o(c). Calculate s(-2).
11
Suppose -31*m + 26*m - 30 = 0. Let t(i) = i + 7 + 6*i + i**2 + 0*i**2. Calculate t(m).
1
Suppose -2*h = 2*c + 10, 2*h - h - 7 = 5*c. Let t be c/3*15/(-2). Let b(v) = -2*v**3 + 3*v**3 + t*v**2 - v**2. Give b(-2).
8
Let i(u) = 2*u**3 + 3*u**3 - 39 - 5*u**2 + 4*u + 41 - 4*u**3. What is i(4)?
2
Suppose 3*t - 3 = 2*t. Let l(a) = 2*a**2 + a**t - 3*a + 7*a - a + 2. Let p(u) = u**3 + 3*u**2 + u + 1. Let h be p(-3). What is l(h)?
-4
Let k(b) be the first derivative of -b**2/2 - 3. Let c = 6 - 8. Determine k(c).
2
Let b(s) = -4*s + 2. Let c be 2/((-9)/(-6) + (-2 - 0)). What is b(c)?
18
Let f(w) = -w**3 + 3*w**2 + 4*w + 5. Let x(k) be the first derivative of -k**3/3 - 9*k**2/2 - 10*k - 1. Let z be (14/6)/((-3)/9). Let u be x(z). Calculate f(u).
5
Let b(m) = 24 + m**3 - 3*m + 4*m**2 - 22 - 3*m**2. Let v = -11 - -8. Determine b(v).
-7
Suppose 1 = -5*f - 9. Suppose 0*n - 5*n = 0. Let l = f - n. Let c(g) = -g + 1. What is c(l)?
3
Let i(w) = 2*w. Suppose -4 = -4*g, -j + 0*j = 3*g - 6. What is i(j)?
6
Let v(p) = 6*p - 37*p**2 + 6 + 73*p**2 - 35*p**2. Determine v(-4).
-2
Let r(s) = 4*s**2 + 19*s + 15. Let z(k) = -6*k**2 - 29*k - 23. Let l(d) = -8*r(d) - 5*z(d). Give l(-4).
-9
Let d(q) be the second derivative of -1/20*q**5 + 1/2*q**2 + 0 + 0*q**3 + 1/12*q**4 + q. Let r = -5 - -7. Calculate d(r).
-3
Let l(b) be the second derivative of b**5/20 + b**4/6 - 5*b**3/6 - b**2 + 2*b. Suppose -j = -6 + 9. What is l(j)?
4
Let x(a) = -1. Let t(i) = i + 11. Let o(w) = -t(w) - 3*x(w). Give o(6).
-14
Let y(j) be the third derivative of j**2 + 0 + 1/20*j**5 + 0*j**4 + 0*j - 1/6*j**3. Calculate y(-1).
2
Let d(p) = p**2 - 5*p + 3. Let o be d(4). Let g(u) = 3*u**2 + 2*u. Let x(j) = j**2 + j. Let y(v) = 4*g(v) - 9*x(v). Calculate y(o).
4
Let r(u) = -u + 3. Let x be 3/((-1)/(1 + -2)). Let d = x - 8. Let t be -4*3*d/20. Determine r(t).
0
Let h(j) be the second derivative of -j**5/20 + j**4/4 - 2*j**3/3 + 2*j**2 - 2*j. Give h(3).
-8
Suppose 0 = 4*m - 3*y + 4, -3*m + y - 10 = -3*y. Suppose -m*f = -4*n + 12, -2*f - 4*n = -f + 6. Let g(s) = s**3 + 5*s**2 - 6*s - 5. Calculate g(f).
-5
Let o(h) be the second derivative of -h**3/6 + h**2/2 + 15*h. Give o(-9).
10
Let g(f) = 3*f**2 - 4*f**2 + 4*f**2 - 5*f**2 + 1. Let z = 4 - 3. Let j be z*3/(-9)*-6. Determine g(j).
-7
Let y(u) be the third derivative of u**6/40 - u**5/60 + u**4/24 + u**2. Let v be y(1). Let x(c) = -c - 1. Calculate x(v).
-4
Let b(o) be the first derivative of o**3/3 + 9*o**2/2 + 9*o - 4. Let w be b(-8). Let r(v) = v**2 - 1. Determine r(w).
0
Let v(k) = k**2 - 5*k + 3. Suppose -5*w + w = -24. Let f = w - 1. Give v(f).
3
Suppose 4*h - 3*h = 0. Let g(r) = r - 3. Give g(h).
-3
Let q(b) = -b + 1. Let k = 3 - 0. Let v(r) = r**3 - 3*r**2 + 3. Let z be v(k). Suppose 5*l - 2*t = 9, 6*l + 5*t + 7 = z*l. Give q(l).
0
Let g(q) = 3*q**3. Let j = 2 + -1. Let f be j*-9*(-2)/6. Suppose 3*o - 2*p - f*p + 17 = 0, -o - 19 = -5*p. Give g(o).
3
Let d(s) = 5*s - 3. Let v(x) be the third derivative of -3*x**4/8 + 7*x**3/6 - x**2. Let h be (-7)/3*(-3)/1. Let r(w) = h*d(w) + 4*v(w). Determine r(5).
2
Let w = 5 + -3. Suppose -4*n + 8*o = 3*o + 17, -w*n - 16 = -4*o. Let g(l) = 1 + l**3 + 0*l**2 - 3*l**2 + 0*l**3. Calculate g(n).
-3
Let v(q) = -9*q**3 + q**2 + 2*q + 1. Let r be (2 - 5)*(0 - -1). Let m = -4 - r. Give v(m).
9
Suppose -2*b - 2*b = -12. Let x(v) = -4*v + v**2 + 2 - 2 + 3 - 1. Give x(b).
-1
Let l(j) = -7*j**2 + 5*j + 18. Let u(d) = 15*d**2 - 11*d - 36. Let n(o) = -13*l(o) - 6*u(o). Give n(0).
-18
Suppose -3*x - 15 = 0, 0 = -5*k - 5*x + x. Let z(h) = 4*h + k*h**2 + 2*h**3 - h**3 - 2*h + 4 + 0*h. Give z(-3).
7
Let z(o) = o**2 + 3 - 54*o - 52*o + 108*o. Suppose m - 2 - 2 = -g, 5*m + 2*g - 8 = 0. Suppose -5*t - s - 3 - 12 = m, 5 = -5*t + s. Calculate z(t).
3
Let g = 75 - 83. Let s(w) = w**3 + 8*w**2 - 3. What is s(g)?
-3
Let f(c) = c**3 - c**2 - c - 5. Let u be f(0). Let o(r) = 7*r - 3. Let p(n) = -4*n + 2. Let v(x) = 3*o(x) + 5*p(x). What is v(u)?
-4
Suppose 4*a = 4*m - 12, 0 = -4*a - 0*m + 2*m - 8. Let i = a - -3. Let j(p) = -2*p - p**2 + 7 - 6*p + 2*p**i. Determine j(6).
-5
Let b(p) = -p**3 - 13*p**2 + 2*p + 20. Let i be b(-13). Let k(x) = -x**3 - 7*x**2 - 7*x + 5. Calculate k(i).
11
Let b(w) = w**3 - 20*w**2 - 22*w + 25. Let p be b(21). Let v(y) = -y**2 + 5*y - 2. What is v(p)?
2
Let m be ((-205)/(-164))/((-2)/8). Let b(i) = i**2 + 3*i + 2. What is b(m)?
12
Let w(g) = 77*g - 158*g + 1 + 78*g. Let m = -6 - -3. Calculate w(m).
10
Let n(d) = 15*d**2 - 4*d - 10. Let j(v) = -7*v**2 + 2*v + 5. Let q(a) = -13*j(a) - 6*n(a). Give q(5).
10
Let r(x) = -x**2 - 5*x - 7. Let h be (-2)/(-12) + (-3)/(36/62). Determine r(h).
-7
Let g(j) = j**3 - j**2 - j + 12. Let t be g(0). Suppose -3*o = -2*w, -o - t = -2*w - 4*o. Let h(r) = -r**2 + 3*r. Determine h(w).
0
Let c(x) be the second derivative of x**6/360 - x**5/60 - x**4/12 - x**3/2 + 2*x. Let m(o) be the second derivative of c(o). What is m(4)?
6
Let f(w) = -3*w**3. Let a(c) = 3*c**3 - c**2 - c - 1. Let g be a(-1). Let o = g + 5. Let m be f(o). Let l(p) = p**3 + 2*p**2 - 5*p - 2. Calculate l(m).
4
Let w(g) = 11 - 4*g + 3*g - 2. What is w(7)?
2
Let g(o) = -3 + 0*o + 2*o - 1. Let z(q) = 6*q**2 + q. Let l = 3 - 4. Let n be z(l). Give g(n).
6
Let n = -1 - -6. Let q(p) = -3 - n + 3 - p**2 - 8*p. Calculate q(-6).
7
Let r(b) = -b - 1. Let h = -5 - -4. Let a = 5 + h. Suppose 5*c + 7 = a*k, 5 = 3*c + 2*c. Give r(k).
-4
Let c(u) = -2*u**2 - 2*u + 3. Let n(g) = -g**2 - 7*g + 10. Let x be n(-8). Determine c(x).
-9
Let b be (-5)/3 + (-8)/(-12). Let v be 0/b + 5/1. Suppose -y + 20 = -v*y. Let t(s) = 2*s + 5. Determine t(y).
-5
Let n(x) = 2*x**2 - 41 + 14 + 8*x - 3*x**2 + 20. Give n(5).
8
Let a(q) = -3*q**2 + q - 7. Let m(j) = -2*j**2 + j - 6. Let p(l) = -3*a(l) + 4*m(l). What is p(3)?
9
Let y(d) = d**3 - 3*d**2 - d - 3. Let t be y(4). Let a = t + -6. Let f(r) be the third derivative of r**6/120 - r**5/30 - r**4/12 - r**3/6 - r**2. Give f(a).
2
Let h(d) = d**3 + d**2 + d + 4. Let y be (4 + -6 + 2)*(-1 - 0). Give h(y).
4
Let t(s) = 12 - 6*s - s - 3*s + 9*s. Determine t(6).
6
Suppose 0*a = -4*a. Suppose -5*d + 15 = a, 0*p - 5*p + 22 = -d. Let k(m) = m - 1. Let l(x) = x + 3. Let c(v) = 3*k(v) - l(v). Determine c(p).
4
Let p(q) = -8*q**2 + 2*q + 1. Let b = 24 - 25. Give p(b).
-9
Let k(v) = 4*v - 1. Suppose c + 0 = 5. Let j(l) be the third derivative of -l**4/24 + 2*l**3/3 + 3*l**2. Let z be j(c). Give k(z).
-5
Let z(s) = 7*s**3 - s**2 - s - 1. Suppose 5 = 5*n + 3*y, -y - y = -2*n + 18. Let q be 1/n + (-10)/8. Calculate z(q).
-8
Let u(a) be the second derivative of 0 + 1/4*a**4 - 1/2*a**2 + 4*a - 1/20*a**5 + 0*a**3. Determine u(3).
-1
Let c(s) be the second derivative of 0 - 1/6*s**3 - 3*s**2 + 2*s. Let y(b) = b**2 - b - 2. Let i be y(2). Calculate c(i).
-6
Let h(q) be the first derivative of q**4/4 - q + 1. Let k be (-2)/(-5) + (-83)/(-5). Let z = k - 16. Calculate h(z).
0
Suppose -16 = -2*o + 6*o - c, 2*o - 2 = -2*c. Let h be (-2)/((o + 6)/(-9)). Let v(b) = -b**2 + 6*b - 1. Determine v(h).
-1
Let c(j) = -3 + j**3 - j**3 + 9*j**2 + 0 - j**3. Calculate c(9).
-3
Let c(h) = 5*h**3 + 4*h**2 + 3*h + 4. Let u(k) = k**2 + k + 1. Let a(w) = -c(w) + 4*u(w). Let s = 0 - -1. Determine a(s).
-4
Let v(g) = g**2 - 3*g - 1. Suppose -4*u - 4*w + 27 = -5, -w = -u. Give v(u).
3
Let h(c) be the second derivative of c**4/12 + 5*c**3/6 + c**2 - 4*c. What is h(-4)?
-2
Let r be (-6)/(-4)*16/3. Let d(n) = 5*n**2 - 11. Let y(a) be the third derivative of a**5/20 - 7*a**3/6 + a**2. Let i(l) = r*y(l) - 5*d(l). Determine i(1).
-2
Let t = 0 - -2. Let g(j) = -3*j - 5*j + 4*j + t*j**2 + 3*j - 2. Let x = 10 - 12. What is g(x)?
8
Let v be (-34)/(-10) - (-12)/(-30). Let t(z) = 5*z - v*z + 7 - 4*z. Suppose -4*u + 21 = 1. Give t(u).
-3
Let r(u) = u**3 + 2*u**2 - u. Let p be r(1). Let w(a) = 2*a**2 - 2. Calculate w(p).
6
Suppose 4 = 5*x - x. Let b(q) = q**3 + q**2 - 1. Let u be b(2). Suppose -5*d + u - x = 0. Let o(v) = -v + 1. What is o(d)?
-1
Let m(j) = -6*j**3 - 3*j + j - 8*j**3 + 15*j**3. Suppose 0 = 4*r + 5*h - 36, 0 = -r - 8*h + 3*h + 24. Let k be 1 + 4/(r/(-3)). What is m(k)?
-4
Let i(o) = 3*o. Let p = -527 - -152. Let h be 4